Let l(q) = 2*q**2 + 410*q - 5669. What is l(13)?
-1
Let u(s) = -10*s**2 + 1105*s - 549. Calculate u(110).
1
Let v(f) = -10*f**3 + 184*f**2 - 69*f - 59. What is v(18)?
-5
Let a(x) = -312*x + 877. What is a(4)?
-371
Let s(t) = t**2 - 107*t - 2115. Determine s(-17).
-7
Let b(m) = 4*m**3 + 26*m**2 - 17*m + 16. Give b(-7).
37
Let j(o) = 24*o + 1013. Determine j(-46).
-91
Let o(w) = 7*w + 21. Give o(-12).
-63
Let c(a) = -32*a + 199. What is c(0)?
199
Let y(i) = 81*i + 1143. Determine y(-14).
9
Let x(g) = 13*g + 190. Calculate x(-14).
8
Let k(p) = -21*p + 33. Calculate k(5).
-72
Let l(w) = -w**3 - 82*w**2 - 68*w + 1054. Calculate l(-81).
1
Let a(o) = 23*o - 224. Determine a(12).
52
Let n(a) = 2534*a + 15201. Give n(-6).
-3
Let f(g) = -122*g**2 - 826*g. Give f(-7).
-196
Let x(q) = -4*q**2 - 2*q + 10. Determine x(-4).
-46
Let n(k) = 176*k + 524. Determine n(-3).
-4
Let z(u) = -u**3 - 91*u**2 + 77*u - 1367. Give z(-92).
13
Let k(g) = 16*g - 472. What is k(29)?
-8
Let h(j) = -2*j**2 - 4*j - 847. Determine h(0).
-847
Let i(v) = -v**3 - 13*v**2 + 21*v + 232. Give i(-4).
4
Let d(c) = -6*c - 41. What is d(-10)?
19
Let a(t) = 7*t**3 + 254*t**2 + 69*t - 109. Give a(-36).
-1
Let a(g) = -1216*g - 113089. Determine a(-93).
-1
Let q(o) = -o**3 + 156*o**2 - 603*o - 761. Give q(152).
-1
Let k(m) = m**2 - 39*m + 154. Calculate k(34).
-16
Let h(y) = -22*y**2 - 858*y + 8. What is h(-39)?
8
Let t(i) = -17484*i + 87410. Give t(5).
-10
Let s(i) = -i**2 - 794*i + 4798. What is s(6)?
-2
Let v(m) = m**2 + 176*m + 3118. Calculate v(-156).
-2
Let l(o) = o**2 - 58*o + 689. Give l(42).
17
Let n(c) = -37*c - 248. What is n(-17)?
381
Let c(u) = u**2 - 206*u + 1583. Give c(8).
-1
Let u(o) = -o**3 + 14*o**2 + 33*o + 8. Calculate u(16).
24
Let y(k) = 10*k**2 + 187*k - 264. Give y(-20).
-4
Let z(y) = -71*y + 2464. Determine z(35).
-21
Let l(j) = j**3 + 24*j**2 - 18*j + 2636. Determine l(-28).
4
Let y(j) = j**3 - 14*j**2 + 70*j - 112. Calculate y(11).
295
Let l(f) = 3*f**3 + 7*f**2 - 13*f - 26. Calculate l(-3).
-5
Let a(s) = -2*s**3 - 129*s**2 + 97*s + 2069. What is a(-65)?
-11
Let p(d) = 2*d**2 - 21*d + 174. What is p(13)?
239
Let s(n) = -4*n**2 - 175*n - 351. Calculate s(-2).
-17
Let j(u) = -29*u + 64. Determine j(14).
-342
Let b(q) = 3*q**3 + 72*q**2 + 70*q + 4. What is b(-23)?
-19
Let v(w) = w**2 + 125*w + 13. Calculate v(-125).
13
Let s(l) = 41*l**2 + 13*l + 14. Calculate s(-1).
42
Let i(h) = -h**2 - 46*h - 8. Calculate i(-2).
80
Let h(i) = i**3 - 2*i**2 - 12. Give h(0).
-12
Let z(y) = -y**3 - 207*y**2 - 424*y - 2864. What is z(-205)?
6
Let t(w) = -249*w**3 - 3*w**2 - w + 1. Give t(-1).
248
Let t(o) = -2*o**3 + 2*o**2 + 3*o + 1. Determine t(-1).
2
Let y(s) = -38*s - 1682. Determine y(-45).
28
Let x(q) = 2*q**3 - 6*q**2 + 2*q + 18. Give x(2).
14
Let h(i) = -120*i + 727. Determine h(6).
7
Let p(u) = u**3 - 4*u**2 - 8*u + 38. Calculate p(4).
6
Let a(w) = w**3 - 5*w**2 - 33*w + 164. Calculate a(6).
2
Let t(n) = -n**2 - 122*n - 2954. What is t(-34)?
38
Let u(x) = -26*x + 279. Determine u(10).
19
Let y(d) = 35*d**2 - 318*d + 41. Calculate y(9).
14
Let z(w) = -w**3 - 77*w**2 - 148*w + 148. Determine z(-75).
-2
Let n(g) = -4*g**3 - 11*g**2 + 22*g + 24. Give n(4).
-320
Let h(c) = -5*c**2 + 95*c - 160. What is h(17)?
10
Let p(y) = -10*y**3 - 4*y + 24. Determine p(3).
-258
Let l(j) = 2*j**2 + 34*j + 40. Give l(-16).
8
Let r(j) = -17*j**2 - 10*j - 9. Determine r(-1).
-16
Let d(y) = 3*y**2 - 3*y - 27. Calculate d(-4).
33
Let c(r) = r**3 + 16*r**2 - 130*r + 52. Determine c(-22).
8
Let h(r) = r**3 + 18*r**2 + 49*r - 201. Calculate h(-13).
7
Let q(l) = -32*l**2 + 514*l - 36. What is q(16)?
-4
Let i(h) = -128*h - 7511. Give i(-60).
169
Let w(a) = -a**2 + 293*a - 19014. What is w(97)?
-2
Let y(v) = -7*v - 570. Calculate y(-58).
-164
Let u(q) = q**3 + 131*q**2 + 485*q - 2927. Determine u(-127).
-6
Let u(h) = -h**3 - 6*h**2 - 21*h + 73. Give u(2).
-1
Let w(a) = -420*a - 10500. What is w(-25)?
0
Let k(m) = -m**3 + 22*m**2 - 19*m + 70. Calculate k(21).
112
Let u(a) = a**2 - 39*a + 305. What is u(29)?
15
Let w(i) = -i**2 - 796*i + 4792. Give w(6).
-20
Let h(r) = -7*r**2 + 25*r + 19. Calculate h(8).
-229
Let t(i) = 2*i**2 + 86*i + 971. Determine t(-11).
267
Let o(n) = -32*n - 10. Calculate o(6).
-202
Let q(i) = -61*i + 193. Calculate q(3).
10
Let b(s) = 16*s**3 + 2*s**2 - 9*s - 5. Calculate b(-3).
-392
Let s(j) = -57*j**2 - 3*j - 5. Calculate s(0).
-5
Let n(g) = 3*g**3 - 155*g**2 + 250*g + 65. What is n(50)?
65
Let a(c) = c**3 - 119*c**2 + 240*c - 696. Calculate a(117).
6
Let h(t) = -15*t + 67. Calculate h(7).
-38
Let l(g) = g**3 + 9*g**2 + 12*g - 50. Calculate l(-5).
-10
Let l(a) = -2*a**2 + 4*a + 13. Determine l(0).
13
Let t(z) = -3*z**3 + 11*z**2 + 3*z + 6. Give t(4).
2
Let n(r) = 972*r - 9755. What is n(10)?
-35
Let t(n) = 13*n**3 - 7*n**2 + 5*n + 2. Give t(1).
13
Let g(v) = 2*v**2 + 49*v + 229. What is g(-6)?
7
Let d(y) = -8*y + 44. Give d(11).
-44
Let m(c) = 3*c**2 - 363*c - 13. Calculate m(0).
-13
Let a(x) = -x**2 - 19*x + 11. Determine a(-8).
99
Let d(k) = 90*k + 390. Calculate d(-3).
120
Let u(y) = 12*y + 324. Calculate u(-27).
0
Let v(t) = t**2 + 45*t - 1221. Determine v(19).
-5
Let i(u) = -u**3 + 4*u**2 + 203*u + 1562. What is i(19)?
4
Let x(t) = -40*t - 1960. Calculate x(-49).
0
Let i(x) = -4*x**2 - 68*x - 63. Calculate i(-17).
-63
Let g(o) = 128*o - 499. Determine g(4).
13
Let o(m) = -m**2 - 10*m + 42. Calculate o(2).
18
Let r(v) = 3*v**2 - 2*v + 5. Determine r(5).
70
Let f(i) = -4*i**2 + 60*i - 137. Give f(13).
-33
Let b(y) = 15*y**3 - 9*y**2 - 3*y + 8. Determine b(-1).
-13
Let m(v) = 2*v**2 + 29*v - 122. Calculate m(0).
-122
Let k(x) = -23*x**3 - x**2 - 14*x + 29. Calculate k(2).
-187
Let b(s) = -s**3 - 10*s**2 - 2*s + 229. Calculate b(0).
229
Let m(u) = -743*u + 2301. Give m(3).
72
Let c(d) = 3*d**3 - 139*d**2 + 43*d + 135. Give c(46).
-3
Let t(k) = -9*k + 569. Give t(8).
497
Let u(r) = -17*r - 25. Calculate u(-5).
60
Let w(b) = -6549*b - 39322. Give w(-6).
-28
Let y(p) = -4888*p + 14663. What is y(3)?
-1
Let z(i) = 41*i**2 - 253*i - 503. What is z(-2)?
167
Let c(i) = i**2 - 100*i - 19114. Calculate c(197).
-5
Let z(j) = 264*j + 828. Calculate z(-3).
36
Let n(v) = v**2 + 515*v - 1559. Calculate n(3).
-5
Let n(u) = 205*u - 2237. What is n(11)?
18
Let t(p) = p**2 - 8642*p - 17284. What is t(-2)?
4
Let y(n) = -2*n**3 + 15*n**2 - 13*n - 61. Determine y(5).
-1
Let p(z) = 65*z - 775. Give p(12).
5
Let v(x) = 39*x**2 - 4*x - 1. Determine v(-1).
42
Let c(w) = -6*w**2 - 32*w - 16. Calculate c(-4).
16
Let t(h) = h**3 - 5*h**2 + 2*h + 80. What is t(0)?
80
Let y(m) = -m**2 - 43*m + 1141. Give y(19).
-37
Let b(h) = -h**3 + 4*h**2 + 26*h - 14. What is b(0)?
-14
Let j(q) = q**3 - 57*q**2 + 17*q - 948. What is j(57)?
21
Let v(g) = -2*g**2 - 19*g - 142. Determine v(-7).
-107
Let o(g) = 35*g - 775. Calculate o(44).
765
Let m(u) = -4*u**2 + 31*u + 12. What is m(8)?
4
Let y(q) = q**2 - 26*q - 277. Calculate y(34).
-5
Let z(o) = 38*o + 11. Give z(-1).
-27
Let i(y) = 196*y - 2119. What is i(11)?
37
Let m(p) = -p**2 - 5*p + 211. Calculate m(0).
211
Let m(i) = -i**3 - 18*i**2 + 52*i + 1177. What is m(-17)?
4
Let a(z) = 4*z**2 - 311*z + 1583. Determine a(5).
128
Let r(h) = 9*h**2 + h + 57. Determine r(4).
205
Let x(q) = q**3 + 35*q**2 + 39*q - 884. Determine x(-33).
7
Let d(o) = o**2 + 11*o - 223. Give d(-21).
-13
Let q(m) = 52*m**2 - 379*m - 306. What is q(8)?
-10
Let t(h) = h**3 - 4*h**2 + 1113*h - 5577. Calculate t(5).
13
Let c(u) = -619*u + 12. Give c(0).
12
Let k(z) = -z**3 - 14*z**2 + 191*z + 2453. Calculate k(-12).
-127
Let m(x) = -84*x + 623. What is m(7)?
35
Let w(m) = -234*m**2 + 10062*m + 13. Calculate w(43).
13
Let s(a) = -13*a**2 + 23*a + 31. Determine s(5).
-179
Let o(n) = -2*n**2 + 189*n - 1222. What is o(88)?
-78
Let i(z) = -2*z**2 + 62*z + 2193. Give i(-21).
9
Let o(f) = -f**3 + 30*f**2 - 40*f - 443. What is o(28)?
5
Let m(t) = 12*t + 692. Give m(-45).
152
Let g(v) = v**3 + 99*v**2 + 556*v - 222. What is g(-93)?
-36
Let z(n) = -n**3 - 7*n**2 + n + 22. Give z(-4).
-30
Let w(c) = -334*c + 331. Calculate w(1).
-3
Let x(a) = -4*a - 223. Determine x(-71).
61
Let x(z) = -452*z**2 - 12*z + 19. Determine x(1).
-445
Let o(g) = -g**2 - 22*g + 91. Determine o(-24).
43
Let n(q) = 16*q**2 - 48*q - 40. Wh